{"id":47,"date":"2025-01-03T15:35:19","date_gmt":"2025-01-03T14:35:19","guid":{"rendered":"https:\/\/www.bettyblischke.de\/?page_id=47"},"modified":"2025-01-03T15:35:19","modified_gmt":"2025-01-03T14:35:19","slug":"rechtsgebiete","status":"publish","type":"page","link":"https:\/\/www.bettyblischke.de\/?page_id=47","title":{"rendered":"Rechtsgebiete"},"content":{"rendered":"\n<p><br>Ich betreue Sie als Rechtsanw\u00e4ltin im Familien- und Gesch\u00e4digtenrecht. Daneben bin ich als Verfahrensbeist\u00e4ndin t\u00e4tig.<\/p>\n\n\n\n<h2 class=\"wp-block-heading\">Familienrecht<\/h2>\n\n\n\n<p class=\"has-large-font-size\">Famili\u00e4re Konflikte sind oft sehr belastend, hier m\u00f6chte ich Ihnen als spezialisierte Anw\u00e4ltin zuverl\u00e4ssig zur Seite stehen. Ich berate und begleite Sie bei den Themen Scheidung und Trennung, Kindschaftsrecht, Sorgerecht, Umgangsrecht und Unterhalt.<\/p>\n\n\n\n<p>Es ist mir wichtig, mir die n\u00f6tige Zeit zu nehmen, um Ihre Problemlage zu verstehen und dann systematisch und emphatisch L\u00f6sungsans\u00e4tze zu erarbeiten, die zu Ihnen und Ihrer Situation passen. Ich strebe im Idealfall eine dauerhafte Konfliktl\u00f6sung an und m\u00f6chte nur die gerichtlichen Verfahren f\u00fchren, die n\u00f6tig sind. Im besten Fall verhindern wir gemeinsam eine Eskalation der Lage und finden eine verl\u00e4ssliche und durchsetzbare L\u00f6sung, gerade auch f\u00fcr Ihre Kinder. Ich biete einen engen Kontakt und beantworte Ihnen gerne s\u00e4mtliche Fragen, rund um die juristischen Abl\u00e4ufe im Familienrecht und vor dem Familiengericht. Bei Bedarf \u00fcbernehme ich auch den Kontakt zu Dritten oder begleite Sie zum Jugendamt.<\/p>\n\n\n\n<p>Es ist mein Ziel, Sie schnell und kompetent zu beraten und zu vertreten. Scheuen Sie sich nicht und nehmen Sie <a href=\"https:\/\/www.bettyblischke.de\/?page_id=21\" data-type=\"page\" data-id=\"21\">Kontakt<\/a> zu meiner Kanzlei auf und vereinbaren Sie eine Erstberatung zur Einsch\u00e4tzung Ihres Falles mit mir.<\/p>\n\n\n\n<h2 class=\"wp-block-heading\">Gesch\u00e4digtenrecht<\/h2>\n\n\n\n<p>Wenn Sie von einer Gewalttat betroffen sind, biete ich Ihnen meine rechtliche Hilfe im Rahmen von Gewaltschutzverfahren, der Anzeigenerstattung, der Vertretung im Strafverfahren in Form von Nebenklage oder Zeugenbeistand und Fragen des Schmerzensgeldes und der Opferentsch\u00e4digung.<\/p>\n\n\n\n<p>Mir ist bewusst, dass dies keine leichten Schritte sind und ich m\u00f6chte sie emphatisch und sensibel unterst\u00fctzen, so wie Sie es ben\u00f6tigen und im Idealfall \u00c4ngste nehmen. Die rechtliche Aufarbeitung einer Tat kann sehr belastend sein. Seien Sie sich jedoch bewusst, Sie sind nicht alleine: H\u00e4usliche Gewalt und Gewalt gegen Frauen allgemein sind ein strukturelles Problem. Bei der Beratung habe ich daher auch immer weitere Hilfsm\u00f6glichkeiten jenseits der Justiz im Blick und berate Sie auch hierzu.<\/p>\n\n\n\n<p><\/p>\n","protected":false},"excerpt":{"rendered":"<p>Ich betreue Sie als Rechtsanw\u00e4ltin im Familien- und Gesch\u00e4digtenrecht. Daneben bin ich als Verfahrensbeist\u00e4ndin t\u00e4tig. Familienrecht Famili\u00e4re Konflikte sind oft sehr belastend, hier m\u00f6chte ich Ihnen als spezialisierte Anw\u00e4ltin zuverl\u00e4ssig zur Seite stehen. Ich berate und begleite Sie bei den Themen Scheidung und Trennung, Kindschaftsrecht, Sorgerecht, Umgangsrecht und Unterhalt. Es ist mir wichtig, mir die [&hellip;]<\/p>\n","protected":false},"author":1,"featured_media":0,"parent":0,"menu_order":0,"comment_status":"closed","ping_status":"closed","template":"","meta":{"footnotes":""},"class_list":["post-47","page","type-page","status-publish","hentry"],"_links":{"self":[{"href":"https:\/\/www.bettyblischke.de\/index.php?rest_route=\/wp\/v2\/pages\/47","targetHints":{"allow":["GET"]}}],"collection":[{"href":"https:\/\/www.bettyblischke.de\/index.php?rest_route=\/wp\/v2\/pages"}],"about":[{"href":"https:\/\/www.bettyblischke.de\/index.php?rest_route=\/wp\/v2\/types\/page"}],"author":[{"embeddable":true,"href":"https:\/\/www.bettyblischke.de\/index.php?rest_route=\/wp\/v2\/users\/1"}],"replies":[{"embeddable":true,"href":"https:\/\/www.bettyblischke.de\/index.php?rest_route=%2Fwp%2Fv2%2Fcomments&post=47"}],"version-history":[{"count":1,"href":"https:\/\/www.bettyblischke.de\/index.php?rest_route=\/wp\/v2\/pages\/47\/revisions"}],"predecessor-version":[{"id":48,"href":"https:\/\/www.bettyblischke.de\/index.php?rest_route=\/wp\/v2\/pages\/47\/revisions\/48"}],"wp:attachment":[{"href":"https:\/\/www.bettyblischke.de\/index.php?rest_route=%2Fwp%2Fv2%2Fmedia&parent=47"}],"curies":[{"name":"wp","href":"https:\/\/api.w.org\/{rel}","templated":true}]}}